08 is divided by t.
30
Let w = 192 - 190. Suppose 0 = -2*a + 4*z + 78 + 110, 5*z = w*a - 187. What is the remainder when a is divided by 14?
12
Suppose -17*k = -31*k + 84. Suppose -2*l + 4*j = -32, -l + k*l = 4*j + 92. Let d = -10 - -21. Calculate the remainder when l is divided by d.
9
Suppose -2*y + 1 = -3*y - 3*q, -38 = -2*y - q. Calculate the remainder when y is divided by (-1)/3*120/(-4).
3
Let a = 884 - 538. Suppose 188 = -z + a. Let r = z - 33. What is the remainder when r is divided by 32?
29
Suppose 0 = -213*r + 226*r + 312. What is the remainder when r/(-40) - 252/(-5) is divided by 13?
12
Suppose -39*w + 231 = -28*w. What is the remainder when 1171 is divided by w?
16
Suppose -8*u + 15 = -3*u. Suppose -46 + 361 = u*m. Calculate the remainder when m is divided by (-190)/(-7) - (-543)/(-3801).
24
Calculate the remainder when 158 is divided by -2 - 1 - (160 + -258).
63
Suppose 793*s - 809*s + 720 = 0. Calculate the remainder when 54 is divided by s.
9
Suppose 38 + 278 + 36 = 22*l. Let h(r) = -31*r + 2. What is the remainder when h(-5) is divided by l?
13
Let i(j) = -j**3 + 5*j**2 - 2*j - 1. Let g be i(3). Suppose -6*f = -g*f. Suppose f = -2*b - 4*b + 432. Calculate the remainder when b is divided by 25.
22
Suppose 4*w = -5*j + 7, w - 2 + 10 = 2*j. Let n = 45 - 17. What is the remainder when (j - (-36)/(-8))*332/(-6) is divided by n?
27
Suppose 0 = -3*b - 4*u + 292, 6*b - 8*b - u + 203 = 0. Calculate the remainder when b is divided by -3 - (5*-6 - -6).
20
Let r(d) = -d**3 - d**2 + 6*d + 12. Let j be r(-6). Let v = j + -56. What is the remainder when v is divided by 27?
19
Let f be (-38)/(-7) - (-6)/(-14). Suppose -3*x = f*a - 30, 4*x - 5*a - 2 = 38. Let l = 39 + -1. Calculate the remainder when l is divided by x.
8
Let t be 17*7/(-7)*1*-7. Let m = 131 - t. What is the remainder when 102 is divided by m?
6
Let v be (-2)/9 + (-18)/(-81). Suppose -2*c - 3*n + 192 = c, 3*c - n - 184 = v. Let f(z) = 4*z - 73. What is the remainder when c is divided by f(24)?
16
Suppose 5*p + 2772 = 3*h, -3*h + 2003 = -2*p - 760. What is the remainder when h is divided by 188?
167
Suppose 3597 + 4642 = 77*k. Calculate the remainder when k is divided by 83.
24
Calculate the remainder when 8/(-6)*((-3)/(-12))/(74/(-3148404)) is divided by 5.
2
Let h(u) = -u**2 + 223*u + 1857. Suppose -2*r + 0*r - 4*v + 64 = 0, 5*v = -r + 41. Calculate the remainder when r is divided by h(231).
8
Let w(f) = 5*f**2 - 19*f + 29. Let g(q) = -22*q**2 + 75*q - 116. Let a(s) = -2*g(s) - 9*w(s). What is the remainder when a(13) is divided by (-13)/2*(1 + -3)?
10
Let j = 607 + -107. Suppose 25*n + 0*n = j. Calculate the remainder when 118 is divided by n.
18
Let n(s) = s**3 + 23*s**2 - 122*s - 254. What is the remainder when 404 is divided by n(-27)?
32
Let k(s) = s**3 - 87*s**2 + 488*s + 392. What is the remainder when k(81) is divided by 35?
29
Let b = -28811 + 28814. What is the remainder when 775 is divided by b?
1
Let k(g) = 2*g**2 - 5. Let d(i) = -2178*i + 13150. Calculate the remainder when d(6) is divided by k(5).
37
Let k be (-1)/2*(-2 + (-2 - -4)). Suppose -2*u + 127 = 5*p - 0*p, k = 5*u - 4*p - 301. Let t = u + -46. Calculate the remainder when 87 is divided by t.
12
Let i = -670 + 666. What is the remainder when 43/((-2)/2*-1) is divided by i/(5*16/(-440))?
21
Let a(u) = 12*u**2 + 40*u - 111. What is the remainder when a(3) is divided by 6?
3
Let z = 13 - 5. Let b be 6/66 + 25864/88. Suppose -7*q + 364 = b. What is the remainder when q is divided by z?
2
Let h = 8320 - 8227. Let l be 0 - 2 - 40/(-1). Suppose -5*u + l = 2*o, 2*u - 68 = 3*o - 6*o. What is the remainder when h is divided by o?
21
Let x(c) = 2*c + 46. Let f be x(16). Suppose 0 = -l - 2*a + 39, 2*a + f = 7*l - 5*l. What is the remainder when l is divided by 14?
11
Suppose -5*m - 2*x + 6461 = 0, -1900 = -2*m + 3*x + 673. Let o = m + -1051. What is the remainder when o is divided by 22?
20
Suppose -814 = 4*m + k, -8*k + 607 = -3*m - 7*k. Let f = m - -228. Calculate the remainder when 45 is divided by f.
20
Let j be (-2)/(-5) - 26338/(-130). Suppose 8 = -4*m, -4*d - 5*m + 1375 + j = 0. Calculate the remainder when d is divided by 25.
22
Suppose 0 = 3*w - 7*w + 20. Let b = 5 + w. Let f(k) = -k**3 + 10*k**2 + 7*k - 31. What is the remainder when 111 is divided by f(b)?
33
Let l(s) = -s**2 + 65*s + 791. Let z(t) = -t**3 + t**2 + 3. Calculate the remainder when l(75) is divided by z(-2).
11
Suppose -1639 = -8*n - 3*n. Suppose -791 = -6*j - n. Let h(a) = 2*a**2 - a - 9. Calculate the remainder when j is divided by h(-4).
26
Let n(s) = -3*s + 6. Let h be n(-5). Let v be (-69)/21 + 3 + (-204)/h. Let u(g) = -g**2 - 7*g + 40. What is the remainder when u(v) is divided by 3?
1
Let i(x) = -x**2 - 10*x + 6. Let t(g) = 526*g - 13126. Calculate the remainder when t(25) is divided by i(-8).
2
Let n be (10 - 12) + 28/(2*-1). Let z be (115/(-20) - -5)/(6/n). Suppose f = s - 11, 27 = 2*s + f + z*f. What is the remainder when 33 is divided by s?
9
Let i = 41 - 35. Suppose 0 = i*h - 7*h - 2*s + 21, -2*h = -3*s - 28. Calculate the remainder when h is divided by 10.
7
Suppose 5*d + 3*a - 12 = 4*a, 0 = -2*d - a + 2. Let k(r) = 6*r - 3*r + r**2 - 18 + 2*r - d*r. What is the remainder when 32 is divided by k(-7)?
2
Suppose -6088 = -77*l - 621. Suppose a = 18 + 60. Suppose x + 2*x = a. Calculate the remainder when l is divided by x.
19
Suppose 0 = 4*d + 3*g - 47 + 8, -4*g = -5*d + 41. Suppose -86 = -3*t + 19. Calculate the remainder when t is divided by d.
8
Suppose -3*g = 3, -i + 36*g - 31*g = -1272. Calculate the remainder when i is divided by 19.
13
Suppose -k = v + 96 + 599, 5*k + 2*v = -3481. Let n = k - -748. Calculate the remainder when n is divided by 19.
13
Suppose -4*t = 11 - 67. Let p(j) = -9*j - 17. Let l be (-50)/6 - 15/(-45). What is the remainder when p(l) is divided by t?
13
Let j(v) = v**2 - 262*v - 3470. What is the remainder when j(-13) is divided by 94?
11
Suppose -3*d = 2*d - 1875. Suppose -17*g + 1008 - 125 = -732. What is the remainder when d is divided by g?
90
Suppose 1339 - 13582 = -231*x. What is the remainder when 950 is divided by x?
49
Let a = 11712 + -11072. Calculate the remainder when a is divided by 131.
116
Let x = -17428 + 17461. Suppose 0 = k + k - 114. Calculate the remainder when k is divided by x.
24
Suppose -m + 349*j + 167 = 347*j, 3*m - 2*j = 501. Calculate the remainder when 329 is divided by m.
162
Suppose -29 - 101 = -10*z. Let v = 2308 + -2274. What is the remainder when v is divided by z?
8
Let t = -45 + 45. Suppose -u + 23 = 5*o - o, t = -3*o + 15. Calculate the remainder when 16 is divided by u.
1
Let n(m) = m**2 + 161*m - 1322. Suppose -2*b + 0 = 48. Let j = 82 + b. Calculate the remainder when j is divided by n(8).
28
Suppose 3*o - 40 = -2*t, 15*t + 5*o = 13*t + 60. Calculate the remainder when 40 - (-1 + 2 + 0) is divided by t.
4
Let q(c) = 67*c + 11. Let r be q(1). Let m = r - 18. What is the remainder when 295 is divided by m?
55
Let a(u) = -2*u + 2. Let j be a(-13). Let f = 46 - j. Let s = 181 + -169. What is the remainder when f is divided by s?
6
Suppose 0 = 58*a - 1435 - 827. Calculate the remainder when 270 is divided by a.
36
Suppose 0 = -7*p - 4*p + 22. Let m = 286 - p. What is the remainder when m is divided by 22?
20
Let y be ((-7995)/(-6))/(-13)*12/(-10). Let c = -32 + y. What is the remainder when c is divided by -6 - -6 - (-22 - 1)?
22
Calculate the remainder when 53457/(-618)*((-1)/(-2))/((-2)/8) is divided by 89.
84
Suppose 9*v - 117 = -30*v. Let x(u) = u**2 - 2*u - 7. What is the remainder when 211 + (-7)/v*3 is divided by x(-6)?
40
Suppose 5*d = 85 - 60. Calculate the remainder when 13 is divided by d.
3
Suppose -2*s = 11 - 43. Suppose -s*z - 28 = -23*z. Calculate the remainder when 5 is divided by z.
1
Suppose 286*q + 45*q - 163845 = 0. Calculate the remainder when q is divided by 71.
69
Suppose 2*w + 4*n - 67 - 815 = 0, -2*w + n + 902 = 0. Calculate the remainder when w is divided by 18.
17
Let q(r) = 346*r + 19548. Suppose -2*w + 17 = -71. Calculate the remainder when q(-56) is divided by w.
40
Let n = -205 - -10. Let x = -164 - n. Calculate the remainder when 115 is divided by x.
22
Suppose 4*t - 5 = 203. Let z = -40 + 46. Suppose -z*m + t = -2*m. Calculate the r